ppose 4*c - r = -21. Suppose 6*n - 5*f = 2*n + 233, -4*n - 4*f + 188 = 0. Calculate the remainder when n is divided by c.
8
Suppose -5*i + 2*u = -185, 5*u - 5 = -2*i + 40. Calculate the remainder when 75 is divided by 4 - ((-54)/(-42) + (-10)/i).
0
Let u(h) = -10*h - 26. Let s be u(-13). Suppose -s*q + 63 = -103*q. What is the remainder when q is divided by 16?
15
Let p(s) = -2*s**3 - 140*s**2 + 624*s + 4. Let f(j) = j**3 + 7*j**2 + 5*j - 3. Calculate the remainder when p(4) is divided by f(-4).
7
Suppose -8*p + 18 = -3*o + 1, o = -5*p + 25. Suppose 3*a - a + o*h = 8, 0 = 5*a - 5*h - 55. Calculate the remainder when 24 is divided by a.
6
Suppose -10*r - 4*o - 100 = -12*r, -5*r - 4*o = -222. Calculate the remainder when 2987 is divided by r.
43
Suppose 2*s + 9 - 45 = 0. Suppose -n + s = -2*f - 29, 202 = 5*n + f. Suppose 2*d + 24 = m, -47 = -2*m - 4*d + n. What is the remainder when m is divided by 21?
13
Let c(b) = 7*b**2 - 175*b + 198. Calculate the remainder when 41 is divided by c(24).
11
Calculate the remainder when -228*(-2)/(-10)*-1*(-200)/(-16) is divided by 64.
58
Suppose -27*b = -1136 - 349. What is the remainder when b is divided by 12?
7
Suppose -4*l + 2*z = -330, l = 2*z + 51 + 39. Let a(w) = w**3 - 34*w**2 - 147*w - 169. What is the remainder when l is divided by a(38)?
17
Let d(y) = -y**3 - y**2 - 12*y + 30. Let f be d(5). Let a = 191 + f. What is the remainder when a is divided by 8?
3
Suppose -129*m - 21*m = -93750. What is the remainder when m is divided by 321?
304
Let d(l) = 605*l - 1735. Calculate the remainder when d(6) is divided by 271.
269
Suppose 4*n + 27 = -5*f + 248, 3*f + 159 = 3*n. Suppose -8*w - 191*t = -197*t - 966, 4*w + 5*t - 571 = 0. What is the remainder when w is divided by n?
21
Let b(t) = -t**3 + 44*t**2 + 73*t + 89. Let o(w) = -w**3 + 45*w**2 + 71*w + 89. Let l(a) = 6*b(a) - 5*o(a). Calculate the remainder when l(41) is divided by 34.
28
Suppose 5*t + 5 = 45. Let n = -2991 - -3122. Calculate the remainder when n is divided by t/(-4)*(-38)/4.
17
Suppose 58*d + 66*d - 1316 = 30*d. Calculate the remainder when 190 is divided by d.
8
Suppose -z = -3*o - 27, 4*z = -0*o + 3*o + 81. Let l be (-1408)/18 - ((-220)/90)/11. What is the remainder when (22/3 + 1)*l/(-13) is divided by z?
14
Let q be (-2)/(52/(-12) + 5) - -17. Suppose -q*s = -855 - 363. What is the remainder when s is divided by 19?
11
Let h = 605 + -341. Suppose -4*k + 28 = -h. Suppose 0 = -j - k + 255. Calculate the remainder when j is divided by 31.
27
Let y(x) = -x - 1. Let i be y(-3). Suppose 4*k - i*g = -6*g + 56, 17 = k + 4*g. Suppose -k*n + 10*n = -108. Calculate the remainder when 142 is divided by n.
34
Let c = 86 - 29. Let n = 170 - c. Let w = n + -103. What is the remainder when 32 is divided by w?
2
Let h = -95 + 49. Let t = -48 - h. What is the remainder when 2*(-3)/12*t + 33 is divided by 7?
6
Suppose 5*c = -3*x + 56, 25*c + 24 = x + 28*c. Suppose -14 = 3*q + 13. Calculate the remainder when (-92)/6*q/6 is divided by x.
11
Let u = 107 + -6. Suppose 1896*w - 1901*w - z + 59 = 0, -z + 46 = 4*w. What is the remainder when u is divided by w?
10
Let b be 11 + -16 - (-8)/1. Suppose 172 - 539 = -5*p - 3*f, -p + 77 = -b*f. Let z = 91 + -64. Calculate the remainder when p is divided by z.
20
What is the remainder when 201 is divided by (-14 - -2)*(-70)/20?
33
Suppose 5*g + 2910 = 3*r, 19*g - 17*g = -3*r + 2952. What is the remainder when 4907 is divided by r?
7
Let l be (5/2 - (20 + -18))*-2. Calculate the remainder when ((-37)/(-2))/(l*5/(-10)) is divided by 14.
9
Let p(b) = 35*b**2 - 2*b. Let q be p(-2). Suppose -q = -2*s - 8*h + 5*h, 152 = 2*s + 5*h. What is the remainder when 205 is divided by s?
7
Suppose 0 = 3*w - 4*s - 98, 4*w + 20*s = 15*s + 110. Calculate the remainder when 466 is divided by w.
16
Let w(s) = s**2 - 14*s + 30. Let q be (-2)/(-10) + -3*(-295)/75. Let j be w(q). Calculate the remainder when 45 is divided by 10 - -2*9/j.
6
Let l(f) = 49*f - 1456. Let o(r) = 30*r**3 - r**2. Calculate the remainder when l(35) is divided by o(1).
27
Suppose 2*a - 27 = 5*a, -x = -5*x + a + 65. Suppose 3*s = -2*n + 751, -2*s - 2*n = -3*n - 503. Calculate the remainder when s is divided by x.
13
Let a(n) = -n**3 + 11*n**2 - 2*n - 67. Suppose -15 = 6*o - 69. Suppose -13 = -4*s + 19. Calculate the remainder when a(o) is divided by s.
5
Let a(y) = 2*y**2 - 15*y - 2. Let m(q) = 4*q**2 - 31*q - 4. Let n(s) = -13*a(s) + 6*m(s). Calculate the remainder when 63 is divided by n(3).
8
Suppose -33*u - 99 = -43*u + 601. Calculate the remainder when 467 is divided by u.
47
Suppose -5 = 2*c - 3*z, 4*c + 4*z + 84 = 24. What is the remainder when (-2 + 192)*(4 - (-28)/c) is divided by 23?
21
Suppose 1440 = 27*c - 639. What is the remainder when 160 is divided by c?
6
Suppose 5*u + 10 = 0, u = 4*p - 34 - 8. Let x = 164 + -151. Suppose x*h = -13*h + 156. What is the remainder when p is divided by h?
4
Suppose 8*v - 97 = -5*c + 6*v, 0 = -5*c + 4*v + 121. Let g be (0 + 15)*(-8)/(-1). Suppose 0*n = 3*n - g. What is the remainder when n is divided by c?
19
Let q(d) = 4*d + 110. Let t be q(-27). Suppose 0 = 4*s + 23*f - 25*f - 320, 154 = t*s - 4*f. Calculate the remainder when s is divided by ((-5)/15)/((-2)/246).
40
Calculate the remainder when (-34512)/(-22) - (-9)/33 is divided by 6.
3
Let w be (1 + 10/(-6))/(2/(-219)). Suppose -z - 3*z + 3*y - 271 = 0, 5*z + 2*y = -333. Let c = w + z. Calculate the remainder when 35 is divided by c.
5
Let w = 39 + -36. Suppose -21 = -l + w*g, -l + 4*l = 5*g + 67. What is the remainder when l is divided by (-2)/(-2)*98/7?
10
Let r(l) = 33*l + 1. Let j be 4 + 0 + -6 + -2. What is the remainder when r(1) is divided by j/8*24*(1 - 2)?
10
Suppose 5*d + 149*d = -21*d + 5950. Calculate the remainder when 4079 is divided by d.
33
Suppose 2*m + 35*c - 106 = 39*c, -5*c - 165 = -3*m. Calculate the remainder when 5589 is divided by m.
64
Let f(q) = -2*q**2 + 3*q. Let p be f(3). Calculate the remainder when (-6)/p - (-3664)/48 is divided by 27.
23
Suppose -3*c + 1146 = 2*i, -c = -38*i + 33*i + 2814. What is the remainder when i is divided by 65?
44
Let q = -156 + 302. What is the remainder when q is divided by (-922)/(-34) + 11/((-13090)/140)?
11
Let o = 4902 - 4716. What is the remainder when o is divided by 55?
21
Suppose -2*f = 5*v - 826, -384 = -4*v + 2*f + 248. Calculate the remainder when 7450 is divided by v.
160
Let t = 32 - 56. Let j be 60/t*4/(-5). Suppose j*o - 36 = 2*p, 6*p - 2*p = -2*o + 24. Calculate the remainder when 29 is divided by o.
13
Let b be (-32*1)/(2*(-2)/6). Suppose -v - 7*v - b = 0. Let j = 27 + v. Calculate the remainder when 82 is divided by j.
19
Let t(b) = 0*b + 4*b + b + 3 - b**2 + 2*b**2. Let n be t(-5). Calculate the remainder when ((-297)/18)/(n/(-4)) is divided by 8.
6
Suppose -3*j + 0*w + 38 = -2*w, -3*w = -15. Suppose j*o - 80 = 15*o - 5*h, 5*o - 4*h = 371. What is the remainder when 219 is divided by o?
69
Let q be (4 - 1)*(11 - 10). Let j be 66/2 + q + -2. What is the remainder when 47 is divided by ((-4)/(-3))/(j/255) - -3?
8
Let z = -37 + 113. Suppose k - 45 = -p - 11, 2*p + 4*k - z = 0. Let h(i) = 1379*i - 6777. What is the remainder when h(5) is divided by p?
28
Let x(s) = -s**2 - 26*s + 164. Calculate the remainder when 359 is divided by x(-31).
8
Suppose 22*g - 45 + 1 = 0. Suppose -g*h + 29 = -161. Calculate the remainder when h is divided by 4.
3
Suppose -618*q + 616*q + 102 = 0. Calculate the remainder when q is divided by 21.
9
Suppose 73*l - 119 = 72*l - 2*k, -2*l - 2*k = -244. Calculate the remainder when 2257 is divided by l.
7
What is the remainder when 341 is divided by ((-27)/81)/(8/(-7416))?
32
Let o(b) = -4*b**3 + b**2 + b - 1. Let s be o(2). Let h = -9 - s. Let l = -4770 + 4855. What is the remainder when l is divided by h?
13
Suppose 5*i - 116 = -4*k + 44, -2*k + 3*i + 80 = 0. Suppose -u = -1 - k. Calculate the remainder when u is divided by 2*6/16*28.
20
Suppose -4*n - 76 = 4*d, -5*n = 3*d - d + 44. Let o = 22 + d. What is the remainder when 9 is divided by (((-36)/(-10))/6)/(1/o)?
0
Suppose -70*y + 832 = 34*y. Calculate the remainder when 805 is divided by y.
5
Suppose -49*f - 98 = -2*i - 45*f, 0 = 3*i - 2*f - 107. What is the remainder when i is divided by 2/4*(-1 + 47)?
6
Let w =